e the greatest common factor of 483184 and 296738.
2626
Calculate the greatest common factor of 436 and 94052.
4
What is the greatest common factor of 1956 and 2519724?
12
What is the greatest common factor of 133864 and 8468?
116
Calculate the greatest common divisor of 28791 and 736598541.
9597
Calculate the highest common factor of 82064 and 413080.
184
What is the highest common divisor of 996825411 and 9?
9
What is the greatest common divisor of 130 and 3350300?
10
Calculate the greatest common factor of 15872922 and 1170.
234
What is the greatest common factor of 624 and 1550276832?
624
What is the greatest common factor of 11282 and 98?
2
Calculate the greatest common divisor of 396 and 45149412.
132
What is the greatest common divisor of 343 and 113285452?
49
What is the highest common divisor of 3969 and 11801538?
567
What is the greatest common divisor of 20524479 and 7413?
1059
Calculate the highest common factor of 319696355 and 55.
55
What is the greatest common factor of 26 and 19007976?
26
What is the greatest common factor of 705500 and 164900?
1700
Calculate the greatest common divisor of 709828 and 1162.
14
What is the highest common divisor of 9 and 14373144?
9
Calculate the highest common factor of 4810 and 19244810.
4810
What is the greatest common divisor of 45 and 1555326?
9
Calculate the greatest common divisor of 232320 and 356620.
220
Calculate the highest common divisor of 59616732 and 2058.
294
What is the highest common factor of 7215075 and 250?
25
Calculate the highest common factor of 292 and 57532.
4
What is the greatest common divisor of 194690587 and 13832?
1729
Calculate the greatest common factor of 55350 and 2963790.
270
Calculate the greatest common factor of 10170876 and 397578.
5934
Calculate the greatest common divisor of 545865 and 453321.
723
Calculate the highest common factor of 382 and 168936826.
382
What is the highest common factor of 124500068 and 168?
28
What is the highest common divisor of 391595357 and 8194?
4097
Calculate the highest common factor of 970 and 14829845.
485
Calculate the highest common divisor of 9352 and 375494.
14
Calculate the highest common divisor of 1591270536 and 72.
24
What is the greatest common factor of 424415 and 31030?
145
Calculate the highest common factor of 197687674 and 573.
191
Calculate the highest common factor of 102136 and 2584.
136
Calculate the greatest common factor of 3192 and 736022.
266
What is the greatest common divisor of 9998973 and 45?
9
What is the highest common divisor of 13535140 and 318?
106
What is the highest common factor of 6161990 and 17?
17
What is the greatest common factor of 6288320 and 66220?
860
Calculate the highest common divisor of 631904 and 3120.
208
Calculate the greatest common factor of 7635 and 6909.
3
Calculate the greatest common factor of 74584341 and 3367.
481
Calculate the greatest common factor of 190547 and 8599717.
1141
What is the greatest common divisor of 1476820 and 7465145?
9005
Calculate the greatest common divisor of 1446732 and 5292.
252
Calculate the highest common factor of 147405 and 392460.
465
Calculate the highest common factor of 136325 and 31.
1
What is the greatest common factor of 17918814 and 3333?
303
Calculate the greatest common divisor of 854 and 55153.
7
What is the greatest common divisor of 1068174 and 192978?
2718
What is the greatest common divisor of 3495834 and 137196?
666
What is the greatest common divisor of 286 and 53328154?
22
What is the greatest common divisor of 30734157 and 1194?
597
What is the greatest common factor of 101470388 and 92?
92
Calculate the highest common factor of 3856 and 259466384.
3856
Calculate the highest common factor of 203 and 99592322.
29
Calculate the highest common divisor of 53750628 and 8748.
2916
What is the highest common factor of 2565 and 304110?
45
Calculate the greatest common divisor of 17290 and 17752840.
1330
What is the highest common factor of 107494 and 274770?
142
What is the greatest common factor of 23752043 and 413?
413
What is the greatest common factor of 549122 and 56364?
854
What is the greatest common divisor of 1652992 and 1761?
587
What is the greatest common divisor of 2343200 and 56608?
928
What is the greatest common divisor of 46550 and 2774?
38
What is the highest common factor of 6855 and 4500165?
15
What is the highest common divisor of 37544 and 26980057?
4693
What is the greatest common factor of 109453667 and 18258?
3043
What is the highest common divisor of 4219045 and 753490?
2495
Calculate the greatest common divisor of 5355 and 84330.
45
What is the highest common divisor of 5262785 and 2509595?
5665
What is the highest common factor of 170 and 1123374110?
170
Calculate the highest common divisor of 20095753 and 29.
29
Calculate the highest common factor of 297954 and 87.
3
Calculate the highest common divisor of 112 and 154964740.
28
Calculate the greatest common divisor of 990131 and 6001.
17
What is the highest common divisor of 3672 and 60336468?
1836
Calculate the highest common factor of 568 and 290488832.
568
What is the highest common factor of 352 and 2109976?
88
Calculate the greatest common divisor of 9936 and 617776.
16
What is the greatest common factor of 6389164 and 2668?
116
What is the highest common divisor of 15651656 and 18936?
2104
Calculate the highest common factor of 5898606 and 4326.
42
Calculate the greatest common factor of 95788387 and 119.
17
Calculate the highest common factor of 402 and 27642.
6
Calculate the greatest common factor of 105 and 20424005.
35
Calculate the highest common factor of 506 and 3961012.
22
Calculate the highest common factor of 40 and 5610890.
10
Calculate the greatest common divisor of 55874 and 12656.
14
Calculate the highest common factor of 17630892 and 6534.
54
What is the highest common factor of 2548 and 1153152?
364
Calculate the highest common factor of 600 and 1075425.
75
Calculate the greatest common divisor of 394917 and 39.
3
What is the highest common divisor of 420773 and 579389?
2203
Calculate the highest common divisor of 37 and 14235047.
37
Calculate the greatest common divisor of 21860134 and 328.
82
Calculate the greatest common factor of 310442 and 8794852.
3014
What is the greatest common divisor of 187 and 51699839?
17
Calculate the highest common divisor of 963690 and 910.
910
Calculate the greatest common factor of 736 and 50923012.
92
Calculate the greatest common divisor of 143399 and 1106327.
743
Calculate the greatest common factor of 594 and 40686327.
297
What is the highest common factor of 255732 and 56964?
1212
Calculate the highest common divisor of 3432 and 564528.
24
Calculate the greatest common divisor of 98434484 and 1208.
604
What is the highest common divisor of 3668 and 6818288?
524
Calculate the greatest common divisor of 6725588 and 8.
4
Calculate the highest common factor of 2220 and 55320300.
60
Calculate the greatest common factor of 27497 and 14230141.
887
Calculate the highest common factor of 1347 and 16451360.
449
Calculate the greatest common divisor of 57770001 and 1392.
87
Calculate the highest common factor of 39368427 and 463.
463
What is the highest common factor of 1612341 and 7812?
279
Calculate the greatest common divisor of 60016319 and 22.
11
What is the greatest common factor of 41 and 39435481?
41
Calculate the greatest common factor of 6837 and 3470917.
2279
Calculate the greatest common divisor of 1785 and 183120.
105
What is the highest common divisor of 1078745 and 193901?
2731
Calculate the greatest common divisor of 498 and 3210357.
249
What is the highest common divisor of 440 and 111776060?
220
What is the greatest common divisor of 10842 and 3745326?
78
What is the greatest common divisor of 49541136 and 384?
48
Calculate the highest common factor of 18524 and 98516.
44
What is the highest common divisor of 7528422 and 66?
66
Calculate the greatest common factor of 1079445 and 12945.
15
What is the greatest common factor of 32239599 and 19?
19
What is the greatest common factor of 120819 and 9888?
309
What is the greatest common divisor of 79561273 and 44?
11
Calculate the highest common factor of 155595496 and 56.
56
Calculate the greatest common factor of 69715 and 84241505